 remainder when 4/2*s/(-18) is divided by 26?
23
Suppose 5*m - 8609 = -g, -16*m + 21*m - 6*g - 8616 = 0. What is the remainder when m is divided by 429?
6
Suppose -n = 3*a - 630, a = -2*n + 1369 - 89. Let o = -137 - -147. Calculate the remainder when 2/9 - n/(-27) is divided by o.
4
Let m be 4 - 22/(-6) - (-2)/(-3). Suppose -m = 3*x + 17. Let w(y) = -y**2 - 14*y - 19. What is the remainder when w(x) is divided by 10?
9
Suppose 5*w - 3*u - 210 = 0, 4*u = -11 - 9. Let t = -15 + w. Let c = 164 - 150. What is the remainder when t is divided by c?
10
Suppose m = -2, 338 - 399 = -v + 2*m. What is the remainder when 3817 is divided by v?
55
Let s = 222 + -210. Suppose -s = -3*l, 3*r - l = 42 + 20. What is the remainder when 239 is divided by r?
19
Let m be 156/10 + 8*3/60. Suppose 3*q + m = 37. Calculate the remainder when 130 is divided by q.
4
Let l(t) = 2*t**3 - 25*t**2 + 29*t - 479. What is the remainder when 6160 is divided by l(13)?
63
Suppose 0 = -251*q - 26*q + 2216. Calculate the remainder when 1452 is divided by q.
4
Let v = -20 - -21. Let k(d) = 5*d**3 + d - 1. Let o be k(v). Suppose -95 - 74 = -o*i + 2*b, 26 = i - 3*b. Calculate the remainder when i is divided by 9.
8
Calculate the remainder when 687 is divided by (-2665)/(-43 + 30) + (-1 - -1) + 0.
72
Suppose 9*r - 97 = -25. Let q = -53 + 75. Let d = 35 - q. What is the remainder when d is divided by r?
5
Suppose -u - 230 = -2*i, 4*i + 5*u = -187 + 661. Calculate the remainder when 550 is divided by i.
86
Let s(u) = u**2 - 22*u - 47. Let m be s(24). Calculate the remainder when 23 is divided by m/4*52 + -4.
5
Suppose -5351 = x - g - 5645, -5*x - g + 1500 = 0. Calculate the remainder when 915 is divided by x.
18
What is the remainder when 473 + (0 - 5)*(-4)/5 is divided by 148?
33
Suppose 37*x + 1278 = -6*x + 4804. What is the remainder when 637 is divided by x?
63
Let b = 91 + -219. Let i = b - -141. Let o = -106 - -209. What is the remainder when o is divided by i?
12
Suppose -5*l + 3*l - 4*d + 18 = 0, 69 = 5*l + 4*d. Calculate the remainder when 8684 is divided by l.
14
Suppose 2*h = 5*f + 10498, 4*f - 2638 + 13136 = 2*h. What is the remainder when h is divided by 14?
13
Let q be (8 + -263)/(6/(-10)). Let f = 533 - q. Let d = 71 - 34. Calculate the remainder when f is divided by d.
34
Suppose -q - 232 = -5*q + 4*o, 2*o = -6*q + 356. Calculate the remainder when 96 is divided by q.
37
Let k(j) = -j**3 + 10*j**2 + 148*j + 54. Calculate the remainder when k(15) is divided by 381.
6
Let i = -52 - -56. Suppose 5*z = -4*g + 192, 5*z + 48 = 6*z + i*g. What is the remainder when 68 is divided by z?
32
Let c(y) = y**2 - 15*y + 116. What is the remainder when c(13) is divided by 23?
21
Let x = -525 + 693. What is the remainder when 3020 is divided by x?
164
Calculate the remainder when ((-168)/(-1))/3 - (-13 + 27 + -8) is divided by -1 + (1 - 0) + 37.
13
Let h(q) = -q**3 + 8*q**2 - q - 26. Let a(v) = 47*v - 1. Calculate the remainder when a(1) is divided by h(7).
14
Let k = -89 - -118. Suppose 4*x = -k + 57. What is the remainder when 16 is divided by x?
2
Let u(b) = b**3 - 3*b**2 + 23*b - 216. Calculate the remainder when 156 is divided by u(6).
6
Let o = -700 - -418. Let h = o + 298. What is the remainder when 108 is divided by h?
12
Suppose 3*s - 222 = 3*g, -711*g - 289 = -4*s - 706*g. Calculate the remainder when 347 is divided by s.
23
Suppose 2*r - 2*q - 104 = 0, 4*r - 16 = -q + 167. Suppose 8*x - 40 = 5*x + 4*b, -3*b + 70 = 4*x. Calculate the remainder when r is divided by x.
15
Suppose 0 = -w + 3, 5*l - w - 112 = -0*w. Let h(r) = -4*r - 4. Let j be h(0). What is the remainder when l is divided by -1 + j/(-2) - (-70)/10?
7
Let s(x) = x**3 - 6*x**2 + 13*x - 8. Let q(u) = u**2 - 6*u - 10. Let j be q(-2). Calculate the remainder when 272 is divided by s(j).
62
Suppose 30 = 5*n - 5*l, 0*n + 5*n = -5*l + 70. Let x be -2*(-1)/2 + 59. Suppose 5*c + 20 = 0, 5*c + x = 3*d - 17. What is the remainder when d is divided by n?
9
Calculate the remainder when (10/(120/198))/((-6)/(-52)) is divided by (-16)/24*1*-57.
29
Let b(m) = -6*m + 409. Calculate the remainder when b(36) is divided by ((-462)/(-55))/((-6)/(-20)).
25
Let z(d) = 38*d**2 + 6*d + 2. Let a = -23 - -52. Suppose 4*c + a - 25 = 0. What is the remainder when 169 is divided by z(c)?
33
Suppose -5*f = -2*h + 139, 165 = 2*h + 4*f + 17. Calculate the remainder when h is divided by 13.
7
Suppose 4*z = z - j + 13, 5*j = 3*z + 11. Suppose z*y - 10 = 152. What is the remainder when y is divided by 14?
12
Let c(b) = -b**3 + 12*b**2 + 141*b - 1559. What is the remainder when 2657 is divided by c(12)?
130
Calculate the remainder when (23769/63 - -1)/(2/7) is divided by 264.
4
Let q(a) = 26*a**2 + 22 + 11*a - 6*a**2 - 9*a**2 - 10*a**2. What is the remainder when q(-12) is divided by 14?
6
Suppose 31712 = 4*a - 4*x, -16757 = -3*a - 3*x + 7069. Calculate the remainder when a is divided by 7.
4
Suppose 5*b - 4*u - 389 = 59, 4*u - 104 = -b. Let l = b + -73. What is the remainder when 51 is divided by l?
13
Suppose -h - 3*q + 53 = q, -3*h + 4*q + 191 = 0. Let j = h - 1. Suppose 3*g - 5*g - 22 = -3*o, -5*g = 4*o - j. What is the remainder when 29 is divided by o?
9
Let d(k) = k**3 + 6*k**2 - 11*k - 26. Let z be d(-7). Suppose z*r = 104 + 10. What is the remainder when r is divided by -1 - 0 - (1 + -22)?
17
Let h(u) = 2*u - 1. Let l(y) = 419*y + 34780. What is the remainder when h(4) is divided by l(-83)?
1
Let k = 94 + -96. Let b be ((-13)/(-39))/(0 + k/(-234)). Calculate the remainder when b/(-27)*-21 + 2/3 is divided by 10.
1
Let z = -13 - -15. Suppose z*v = -5*t + 65, -v = -t - 2*t - 16. Let p(a) = a**3 - 8*a**2 + 10*a - 14. Calculate the remainder when v is divided by p(7).
4
Let z(p) = -8*p + 122. Let o be z(15). Suppose -o*l = 4*q - 6, -l - 1 + 4 = -q. What is the remainder when 88 is divided by l?
1
Suppose -870 = -2*q + 5*o, -2*q - 2*o + 1511 = 613. What is the remainder when q is divided by 258?
187
Let g = 4388 - 4340. What is the remainder when 110 is divided by g?
14
Let l(x) = -57*x**2 - x + 1. Let w be l(-2). Let n = -161 - w. Let q(d) = -479*d - 26328. What is the remainder when n is divided by q(-55)?
13
Suppose 132*k = 136*k - 8, -3*p + 368 = k. What is the remainder when 355 is divided by p?
111
Let h(b) = -b**3 + 31*b**2 - 77*b + 2. What is the remainder when 2981 is divided by h(28)?
11
Suppose -60*a + 4364 = -1876. What is the remainder when a is divided by 31?
11
Suppose 6*w - 15 = w. Suppose 2*v + w*v - 55 = 0. Let m = 21767 - 21740. What is the remainder when m is divided by v?
5
Suppose -3*g = -2*q + 1, 2*q - 8 = -4*g - 0. Suppose -q*h + 88 = -218. Let x = -415425 + 415464. Calculate the remainder when h is divided by x.
36
Let b(h) = -2*h. Let d(v) = -17*v + 140. Let p(i) = -2*b(i) + d(i). Calculate the remainder when 29 is divided by p(10).
9
Suppose 5*h = 4*j + 925 - 300, -j = -3*j. What is the remainder when h is divided by 21?
20
Let b(g) = -g + 10. Let n = 82 - 195. Let o = n - -163. Calculate the remainder when o is divided by b(-8).
14
Let o = 2851 - 1555. Calculate the remainder when o is divided by 52.
48
Let m be (-15)/(105/(-98)) + -6. Calculate the remainder when (2 - 11)/((-2)/6) is divided by -5 + 0 + 152/m.
13
Let u = -357 - -357. Suppose u = 4*o + 5*k - 517, 3*k - 261 = -9*o + 7*o. What is the remainder when o is divided by 22?
13
Let m(d) = -d**3 - 15*d**2 - d + 25. Let b(a) = -41*a + 8. Let w be b(1). Let k = w + 18. Calculate the remainder when m(k) is divided by 24.
16
Let m(n) = 4*n**2 - 12*n + 72. Let d be m(5). Suppose 0 = 10*y - 15*y - b + d, y + 4*b - 11 = 0. What is the remainder when 1*(-1 - (-44)/1) is divided by y?
20
Suppose 3*y - 30 = -2*o, -2*y - 23 = -3*y - 5*o. Suppose -45111 = 36*q - 47235. What is the remainder when q is divided by 2/y - (-252)/16?
11
Let n be (-64)/24*(-2 - -5). What is the remainder when (-92)/n*((-4 - 0) + 6) is divided by 2?
1
Suppose -3*g = 5*u - 0 + 3, 35 = 5*g - 5*u. Suppose -g = -j, -3*z - j = -4*j - 225. Suppose -f + 40 - 13 = 0. Calculate the remainder when z is divided by f.
25
Let w(f) = f**3 - 11*f**2 - 3*f + 3. Let v be w(11). Let t = 23 + v. Let i(c) = c**2 + 5*c. What is the remainder when 24 is divided by i(t)?
10
Let x = 50 - 102. Let c be (408/45)/8 + (-14)